 + 14*z + 13. Let d = 21725 + -21726. What is i(d)?
15
Let h(s) be the second derivative of s**6/360 - 3*s**4/8 + 301*s**3/6 - 253*s. Let l(x) be the second derivative of h(x). Give l(0).
-9
Let p(f) = 3*f - 37. Let c(h) = -7*h + 73. Let i(g) = 6*c(g) + 13*p(g). Let l be i(-11). Let t(n) = -n**3 - 9*n**2 + 10*n + 1. Determine t(l).
1
Let h(s) = s**2 + 2*s - 2. Let n be h(2). Let t(z) = -110*z + 101*z - 53*z + 7. Let x(j) = 23*j - 2. Let o(b) = 3*t(b) + 8*x(b). Determine o(n).
-7
Let j(u) = 7 + 89*u - 3 - 27*u - 26*u. What is j(1)?
40
Let b(f) be the second derivative of f**3/2 - 5*f**2/2 + 39*f. Let d(v) = 5*v - 5. Let o(c) = -3*b(c) + 2*d(c). Give o(-12).
-7
Let m(k) = -3*k**2 - 3*k - 2. Let i(b) = -78*b**2 - 1170*b - 2. Let f be i(-15). What is m(f)?
-8
Let o(d) = -73*d + 303*d - d**2 - 77*d + 5 - 72*d - 70*d. Calculate o(11).
5
Let x(y) = -y + 18. Let n be -30*(-36)/240*8/3. What is x(n)?
6
Let w(y) = 3*y**3 + 3*y**2 - y - 1. Let k(r) = -3*r + 2 + r - 25*r**3 - 4*r**2 + 4*r + 21*r**3. Let o(t) = -2*k(t) - 3*w(t). Determine o(-1).
0
Let t(q) be the third derivative of 10*q**2 - 1/24*q**4 - q**3 - 3*q + 0. What is t(-7)?
1
Let w(f) = -2*f**2 - f + 1. Let z be -2*4/24*-3*7. Let a be (z + -3 - 5)*-2. Calculate w(a).
-9
Let b(q) be the third derivative of -q**6/120 - q**5/15 + q**4/3 + 4*q**3/3 + 2*q**2 - 16294*q. Let a = 10 + -16. Calculate b(a).
32
Let p(x) be the third derivative of -x**7/2520 + 7*x**5/120 - x**4/2 + 3*x**3/2 + 6*x**2 + 7. Let f(s) be the second derivative of p(s). What is f(3)?
-2
Let u(y) = y**2 - 7*y + 1. Let s(l) = l**2 - l - 10. Let r(f) = -s(f) + 2*u(f). Calculate r(12).
0
Let c(t) = -t**3 - 28*t**2 + 61*t - 1. Let j(o) = 2*o**3 + 19*o**2 + 19*o - 142. Let d be j(-7). Calculate c(d).
-31
Let v(d) = -d**2 - 3*d + 1. Let r be v(-2). Let y(x) = x + x - 7*x**r + 7 - 8. Suppose -17*i - 2186 = -2203. Determine y(i).
-6
Let s be (-3)/30*-4 - 1150/(-250). Suppose 3*h - 34 = -5*b, 4*h + 3 - 10 = b. Let q(a) = 6*a - 6 - h*a + a - 3*a. Give q(s).
-1
Let j(g) = -6 + 6 - 1. Let i(p) = -p**3 - 4*p**2 + 7*p + 1. Let c(q) = -i(q) - 2*j(q). Suppose 4 + 6 = -2*x. Calculate c(x).
11
Let n = 401 + -406. Let a(q) be the first derivative of 6 - 1/2*q**2 + 0*q - 1/4*q**4 - 5/3*q**3. Give a(n).
5
Let n(s) = -3*s + 139 + 5*s - 136. Let v = 35 - 31. Suppose -4*q = 16 - v. Determine n(q).
-3
Let y(u) = 2*u**2 - 41*u + 64. Let p be y(2). Let f(z) = z**2 + 7*z - 44. Give f(p).
-14
Suppose -36 = 13*w - 10*w. Let d be (8/w)/(8/(-6) - -1). Let g(c) = -11*c**d + 22 - 23 + 20*c**2. Calculate g(-1).
8
Let p(z) = -138*z + 1017. Let f(r) = -47*r + 344. Let w(v) = 11*f(v) - 4*p(v). Give w(8).
-4
Let o(i) = -6*i**2 + 9*i + 127. Let k(j) = -30*j**2 + 46*j + 702. Let r(c) = 2*k(c) - 11*o(c). Calculate r(1).
6
Let w(v) = -v + 13. Let f(m) = 3*m - 35. Let n(j) = -j**3 + 12*j**2 + 8. Let z be n(12). Let g(p) = z*w(p) + 3*f(p). What is g(9)?
8
Let i = -2 - -2. Let u = i + 6. Let p(o) = -11 + 43 - 26 + 56*o - 57*o. Calculate p(u).
0
Let q = -1892 + 3377. Suppose 1481*k - q*k = -28. Let s(y) = -4*y + 10. What is s(k)?
-18
Suppose 23 = -3*n - 37. Suppose -46 = 4*m - p, -4*m - 2 = 5*p + 56. Let q be 4/m + n/12. Let t(x) = -2*x**2 - 4*x - 3. Give t(q).
-3
Let j(c) = -659*c + 1339*c - 691*c + 12. Give j(5).
-43
Let a(m) = 95*m**3 + 32*m**2 + 40*m + 17. Let p(b) = -68*b**3 - 22*b**2 - 28*b - 11. Let h(z) = 5*a(z) + 7*p(z). Let i be 7/(1 - (2 + -2)). Calculate h(i).
-13
Suppose -5*i - 2*u = 9, -5*u = 4*i - 0*u + 14. Let o(c) = -c**2 + 1. Let s(w) = w - 1 + 6*w**2 + 3 + 2*w**2. Let m(j) = 2*o(j) - s(j). Calculate m(i).
-9
Let s(j) be the second derivative of j**4/3 - 5*j**3/3 - 3*j**2 - 15*j - 4. Let i(t) = -9*t**2 + 22*t + 12. Let c(g) = -3*i(g) - 7*s(g). Calculate c(6).
-6
Let i be ((-896)/(-70) - 14)*5. Let l(s) = 16*s + 73. What is l(i)?
-23
Suppose -16*y + 11*y + 100 = 0. Suppose 5*q - y = 0, -5*q = g + 4*g - 30. Let f(s) = -5*s**g + 22 - 4*s + 2*s + s**3 - 21. What is f(5)?
-9
Let n = -2585 + 2565. Let z(h) = -h + 10. What is z(n)?
30
Suppose -25 = -3*b - 4*k, 12 = 4*k - 4. Suppose -19*n = -b*n. Let i(j) = j - 3. Calculate i(n).
-3
Let p(a) = -2*a**2 + 2*a - 7. Suppose -1 - 153 = -7*k. Suppose 0 = -k*h + 95 + 15. Calculate p(h).
-47
Suppose -4*c - 235 + 231 = 0. Let g(w) = -31*w**2 + 3*w + 8. Let j(x) = 46*x**2 - 4*x - 11. Let t(f) = 7*g(f) + 5*j(f). What is t(c)?
13
Let z(o) be the second derivative of o**5/60 + 5*o**4/24 + o**3 + 125*o**2/2 + 2*o + 169. Let g(a) be the first derivative of z(a). Calculate g(-7).
20
Let h(z) be the third derivative of z**5/60 - z**4/12 - z**3/2 - 11*z**2 + 3*z + 11. Let v = 1 - 3. Determine h(v).
5
Let v = -8 - -11. Suppose -v*m - 12 = -m. Let b(x) = -1. Let j(i) = -i**2 - 6*i + 1. Let z(u) = 2*b(u) - j(u). Determine z(m).
-3
Let d(q) be the first derivative of -5*q + 11/2*q**2 - 252 - 1/3*q**3. What is d(10)?
5
Let j(x) = -2*x - 3. Let v be (-5)/30 - 17/6. Let m be v/(-4)*40/(2 + 3). Suppose -m - 24 = 5*q. Give j(q).
9
Let m(q) = -2*q**3 + q**2 - q + 1. Let f(h) = 9*h**3 + 6*h**2 + 3*h - 13. Let n(s) = f(s) + 4*m(s). Let i be n(-10). Let c(d) = 2*d - 1. What is c(i)?
1
Let s(b) be the first derivative of -b**5/20 + b**4/3 - b**3/6 + b**2 + 82*b - 19. Let c(z) be the first derivative of s(z). Determine c(4).
-2
Let p(b) = b**2 + b + 1. Let g be -9*(-3)/9 + -4. Let f be (-5)/10 - 3/(-2). Let h(k) = 6*k**2 + 1. Let n(m) = f*p(m) + g*h(m). Determine n(1).
-4
Suppose 0 = 21*s + 26 - 89. Let k(a) be the first derivative of 5 - 1/2*a**2 + 1/3*a**s - a. Calculate k(2).
1
Let h(q) be the second derivative of -11*q**3/6 + q**2/2 + 3997*q. Calculate h(2).
-21
Let j be ((-158)/(-237))/(3/(468/(-8))). Let z(g) = -3*g - 15. Let n(f) = -13*f - 60. Let m(q) = 2*n(q) - 9*z(q). Calculate m(j).
2
Let k(n) = 7*n**2 + 321*n + 622. Let z be k(-2). Let s(u) = u**2 - u + 1. Let g(q) = -q**3 + 11*q**2 - 3*q - 5. Let l(v) = -g(v) + 3*s(v). Calculate l(z).
8
Suppose -111*x - 2 = -113*x. Let d(b) = -9 - b + 8 - 1 + x + 8. What is d(0)?
7
Let j(x) be the second derivative of -1/20*x**5 + 3*x**2 + 23*x - 1/6*x**3 + 0 + 3/4*x**4. Suppose 0 = 12*p - 40*p + 252. What is j(p)?
-3
Suppose -28*g = -26*g + 16. Let n be -7 - (12/(-16) + 2/g). Let p(y) = y + 13. What is p(n)?
7
Let y(z) = 9*z + 5. Let a(s) = s**2 + 37*s + 35. Let c be a(-1). Give y(c).
-4
Let a(o) = 865 - 33*o + o**3 - 10*o**2 + 26*o - 880. Calculate a(11).
29
Let m(s) = s**2 + 25*s - 11. Suppose -181*k - 156 = 186*k - 361*k. What is m(k)?
15
Suppose -2*q + 38 = -2*l, 0*l + 2*q + 60 = -5*l. Let i(w) = -w - 29 + 23 - 10. Calculate i(l).
-2
Let u(h) = 68 - 80 - 2*h - 29*h + 3*h**2. Calculate u(10).
-22
Let x(f) = -f + 2. Let l be x(1). Let i(z) = 2*z**3 - 10*z**2 + 10*z - 6. Let m be i(4). Let w(c) = -8*c**m + 42*c - 34*c - 8*c. Give w(l).
-8
Let x be 29 - 29 - (-1)/3. Let q(a) be the first derivative of -3/2*a**2 - x*a**3 - 2*a + 14. Give q(-3).
-2
Let s(z) = -z**3 - 8*z**2 - 5*z - 39. Let r(u) = u**3 - 10*u**2 - 40*u + 311. Let f be r(11). What is s(f)?
1
Let h(k) = -5*k - 2. Let o = -149 + 161. Suppose -5 = 5*v - 25, -4*v + o = 2*i. Determine h(i).
8
Let p(o) = 2*o + 3. Let t be 20/9 - ((-250)/90 + 3). Suppose t*x + 2 = -5*v + 3*v, -x = -2*v + 16. What is p(x)?
-9
Let a(g) = g + 1. Let z(o) = 3*o + 13. Let f(w) = -2*a(w) + z(w). Let p be (-1)/3*45/(-5). Suppose -2*s + 4 = 3*h, 3*s = -p*h + 4*s - 2. Determine f(h).
11
Let i(x) = -7*x**2 - 2*x + 20. Let t(d) = 6*d**2 + d - 18. Let b(h) = 12*h - 137. Let q be b(11). Let m(r) = q*i(r) - 6*t(r). Determine m(7).
-13
Let u(m) = 30*m + 2. Suppose -5*h = 124*f - 120*f + 15, -2*h + 3*f + 17 = 0. Calculate u(h).
32
Let m(y) = -3*y - 27. Let g be m(-17). Let q(t) = 6*t - g + 55 - 30. Give q(-2).
-11
Let z(v) = 2*v**3 - 15*v**2 - 4*v - 11. Let r be z(8). Let y be 3 + r/6 - 3/6. Let h(j) = -j**2 + 8*j - 7. Calculate h(y).
5
Let o(s) = -2*s**2 + 5*s + 2. Suppose -3*c - 104 = -7*c. Suppose 524 = -22*z + c*z. Let h = z + -127. Determine o(h).
-10
Let h(u) = u + 1013 - 42*u - 1014. Determine h(-1).
40
Let a be (-13)/((-143)/(-154)) - -6. Let t(x) = -6*x - 49. What is t(a)?
-1
Let r(l) = 4*l - 6*l + 8 + l + 7*l. Calculate r(0).
8
Let w be 30/(-12)*(-9 - 564/(-60)). Let l(v) be the first derivative of -10*v**3/3 - 1. What is l(w)?
-10
Let i(w) = -w**3 - 7*w**2 + 45*w 